- 37*o + 121 = -j, j = -2*o - 81. Let r = o + n. List the prime factors of r.
89
Let d = 2719 + -707. What are the prime factors of d?
2, 503
Suppose -2*p = 2*w - 8780, -377*p + 2*w = -380*p + 13165. What are the prime factors of p?
5, 877
Let a be (-1)/3 + (-208)/(-39). Suppose -1535 = -a*m - 40. List the prime factors of m.
13, 23
Let r be (-25)/(-2)*(-9 + 11). Suppose -4*g - 21*a + 7320 = -r*a, 0 = 5*g + 5*a - 9110. What are the prime factors of g?
2, 11, 83
Suppose w + 2*w = 0, 4*y = -3*w. Suppose y = 3*g - 2*g - 30. List the prime factors of g.
2, 3, 5
Let q(j) = 26*j + 11*j + 11 - 16. Let s be 32/14 + 50/(-175). List the prime factors of q(s).
3, 23
Let s = 441 - 897. Let f = -229 - s. What are the prime factors of f?
227
Let o(r) = r**3 + 10*r**2 - 10*r + 14. Let d be o(-11). Suppose 61 = -d*z + 496. Suppose b - 145 = z. What are the prime factors of b?
2, 5, 29
Suppose -2*y + 1197 = -11. Let g = 889 - y. List the prime factors of g.
3, 5, 19
Suppose 524 = 7*g + 440. Suppose 4*o - 792 = -2*p, g = -7*o + 4*o. What are the prime factors of p?
2, 101
Suppose 72*y - 80770 = 82*y. What are the prime factors of (-1)/(y/48216 + (-2)/(-12))?
2, 3, 7
Let l be -4 + 8 + (8231 - 2/2). What are the prime factors of (1 + 2)*l/69?
2, 179
Let m = -1803 + 3554. What are the prime factors of m?
17, 103
What are the prime factors of -96573*(4 - (4 + (-36)/(-4))/3)?
32191
Let h = 46317 + -30559. What are the prime factors of h?
2, 7879
Let b(n) = 12*n - 27. Let d be b(11). Let o be 2/(3*3/72). Suppose -z = -d + o. List the prime factors of z.
89
Let c = 558 + -197. Let z be 4/22 - c/(-11). List the prime factors of 3/(27/6)*z/1.
2, 11
Let h be (-10)/(-25) - (-6306)/10. Suppose 50*f - 4*p - 1276 = 48*f, -f - 5*p + h = 0. List the prime factors of f.
2, 3, 53
Let d = -1913 - -2793. Suppose -4*z = 4*c - 4884 + d, 0 = -4*c. List the prime factors of z.
7, 11, 13
Let q(c) = -2*c**2 + 2*c + 4. Let o be q(2). Suppose -3*x + o*x + 2*j = -705, 5*j = -4*x + 963. List the prime factors of x.
3, 79
Let p be (-128)/2 - 8/2. Let g = p - -226. List the prime factors of g.
2, 79
Suppose 5*m + 2643 = 2*w, w - 1341 = 2*m - 6*m. Let f = w + 195. List the prime factors of f.
2, 3, 127
Let r(i) = 2*i**3 + 2*i**2 - 54*i + 165. List the prime factors of r(9).
3, 433
Let t be (0 - 2)*60*(-30)/(-48). What are the prime factors of (-3030)/(-4) + t/(-150)?
2, 379
Let h(v) = 7*v + 8. Let r(p) be the third derivative of p**4/12 - p**3/6 - 12*p**2. Let f be r(3). What are the prime factors of h(f)?
43
Suppose 812 = -4*r - 264. Let t = r - -496. List the prime factors of t.
227
Let d(m) = m**3 - 8*m**2 + 7*m + 7. Let c be d(7). Suppose c*u - 495 = 2*u. Suppose 3*f + 22 = i + 5*f, -4*i + 3*f + u = 0. List the prime factors of i.
2, 3
Suppose 19*u - 3213 = 10*u. Suppose -2*l - 2*g = -1104, -5*g + 215 = l - u. What are the prime factors of l?
547
Suppose -v = -3*y + 2*y - 19079, 0 = -v - 4*y + 19094. What are the prime factors of v/98 - ((-5)/(-7) + -1)?
3, 5, 13
Let v be 6492/(-8)*4/(-6). Let h(f) = -394*f + 41. Let z be h(1). Let s = v + z. What are the prime factors of s?
2, 47
Let d(b) = -3*b**3 - 43*b**2 - 156*b + 15. List the prime factors of d(-16).
17, 223
Let g(z) = -2*z**3 + 20*z**2 + 23*z - 24. List the prime factors of g(-12).
2, 3, 503
Let a = 54 - 50. Suppose 0 = -u + 2*u - a. Suppose -u*m - 312 = -10*m. List the prime factors of m.
2, 13
What are the prime factors of (-4)/(-38) + (6926040/285 - 29)?
3, 29, 31
Let a = 294 - -4503. What are the prime factors of a?
3, 13, 41
Suppose -g - 207087 = -4*v, 3*v - 179178 = -4*g - 23858. What are the prime factors of v?
2, 7, 43
Let y(f) = 2363*f**2 + 28*f - 83. What are the prime factors of y(3)?
2, 13, 409
Suppose -73081 = 19*i - 201825. List the prime factors of i.
2, 7, 11
Let o = -11 + 7. Let q(g) = 4*g + 19. Let v be q(o). Suppose 5*d = -v*r + 3 + 132, 2*r + 62 = 3*d. What are the prime factors of d?
2, 3
Let x(w) = 615*w**2 + 41*w + 135. What are the prime factors of x(-3)?
3, 43
Let x = -209 + 350. Suppose 0 = 3*p - 4*c - x, -203 = -5*p - 4*c - 0*c. Let w = -31 + p. List the prime factors of w.
2, 3
Let j(t) = 172*t**2 + 2*t - 1. Let s be j(1). Let b = 107 + s. List the prime factors of b.
2, 5, 7
Let v(f) = -10*f - 125. Let x be v(-13). Suppose 0 = 2*l + x*s - 1773, -13 = -3*s - 4. List the prime factors of l.
3, 293
List the prime factors of 86571/12 + 4 + 31/(-124).
2, 3, 401
Suppose 0 = 5*k + 2*m - 23405, 2873 = 3*k - 5*m - 11139. List the prime factors of k.
4679
Let g be 46/16 - -2 - 40/(-320). Suppose -g*x + 29040 = 19*x. List the prime factors of x.
2, 5, 11
Suppose 0 = -2*v + 4*v - 32. Suppose 0 = -y + v*y - 300. List the prime factors of 2490/y - (-2)/(-4).
2, 31
Let x be (-14 + -2)*(-36)/(-72). List the prime factors of 6 + x - 3 - -1146.
7, 163
Let m(p) be the first derivative of p**5/60 + 5*p**3/6 + 7*p**2/2 + 13. Let h(d) be the second derivative of m(d). What are the prime factors of h(-9)?
2, 43
Let h(b) = 56926*b**2 + 435*b - 434. What are the prime factors of h(1)?
13, 29, 151
Suppose 0 = -9*v + 7*v + 18. Suppose 4*j = v*j - 55. Suppose j*w - 366 = 5*w. List the prime factors of w.
61
Suppose 0 = 3*u - 78 + 30. List the prime factors of (-88)/5*(u - 36).
2, 11
Let t = 20497 - 9717. List the prime factors of t.
2, 5, 7, 11
Let l(p) = 4091*p + 59. What are the prime factors of l(2)?
3, 41, 67
Suppose 64084 = 2*b - 4*j, -64035 = 10*b - 12*b - 3*j. What are the prime factors of b?
2, 3, 17, 157
Suppose -7*s - 969 = -24*s. Suppose 2*a - 729 - s = -4*d, 5*d = -5*a + 995. List the prime factors of d.
2, 97
Suppose 0 = -i - 4*r + 6782, -4*i + 20*r = 15*r - 27149. What are the prime factors of i?
2, 3, 13, 29
Let c(y) = -y**3 + 17*y**2 + 18*y - 10. Let g be c(18). Let d(r) = r**3 + 11*r**2 - 4*r - 15. Let p be d(g). Let w = p + -100. List the prime factors of w.
5
Let u = -472 + 742. Suppose -5*q + 5*v + 584 = -q, 3*v - u = -2*q. What are the prime factors of q?
3, 47
Let x(z) = z + 17. Let u be x(-8). Suppose 5*q = u*q - 504. Suppose 5*k = -3*y + 134, 6*y - 4*y - 4*k = q. What are the prime factors of y?
53
Suppose 280 = -16*y + 18*y. Let v(s) = -y + 267 - 141 - 40*s. List the prime factors of v(-5).
2, 3, 31
Let y = -72 - -76. Suppose 3*m = -3*o + 39, y*o = 4*m - m - 53. List the prime factors of 6908/60 + (-2)/m.
5, 23
Suppose -2*y = -y. Suppose y = -r + 2, -2*x + 115 = -r - 171. Suppose -3*j = 3*b - 201, -3*j + j + 3*b = -x. What are the prime factors of j?
3, 23
Suppose -45 = -5*j - 3*z, -15 = z + 2*z. Let a be -3 - ((-3)/j - (-635)/(-4)). Suppose a = 4*p - p. List the prime factors of p.
2, 13
Suppose 0 = 40*g - 43*g - 9. Let i(m) = -m**2 + 23*m + 18. Let d(p) = 22*p + 18. Let c(y) = g*d(y) + 2*i(y). List the prime factors of c(-8).
2, 7
Let v(q) = q**3 + q**2 - 50*q + 9062. List the prime factors of v(0).
2, 23, 197
Let m(n) = 2*n**2 - 34*n - 31. Suppose 14 = 1443*k - 1444*k. What are the prime factors of m(k)?
3, 31
Suppose 3*l + 5*r + 5 = 33, 10 = 2*l - r. Let z(t) = 32*t - 5. List the prime factors of z(l).
11, 17
Suppose -12*o + 8*o = -124. Suppose v - o = 51. List the prime factors of v.
2, 41
Let f = -510 + 315. What are the prime factors of -24*f/104*(-12)/(-10)?
2, 3
Let d be (21/9 - 1)/(48/(-72)). Let a(k) = -520*k + 89. List the prime factors of a(d).
1129
Let f(q) = q + 1. Let r(v) = -7*v + 1. Suppose -4*x = -3 + 27. Let b(n) = x*f(n) + 3*r(n). What are the prime factors of b(-4)?
3, 5, 7
Suppose 84*t - 363062 = 567154. List the prime factors of t.
2, 7, 113
Suppose 136*p + 76*p = 5800108. What are the prime factors of p?
109, 251
Suppose -r = 4*r - 50. Suppose -880 = -r*f + 820. List the prime factors of f.
2, 5, 17
Let y = 28758 - -2377. What are the prime factors of y?
5, 13, 479
Suppose 4*b = 5*l - 29542, 0 = -3*l + 2*b + b + 17724. List the prime factors of l.
2, 3, 5, 197
Let b(j) be the second derivative of -17*j**3/3 + 6*j**2 + 54*j. What are the prime factors of b(-26)?
2, 7
Let v(t) = 317*t + 6. Let g be v(-3). List the prime factors of 1760/(-1)*(-21)/(g/(-18)).
2, 11
Suppose 4*t + 168 + 36 = 0. Let u = t - -51. Suppose -5*o + o + 3*p + 441 = 0, u = 3*o + p - 347. What are the prime factors of o?
2, 3, 19
Let x(v) = v**3 - v**2 - 1. Let q be x(2). Suppose -2*g - q = g. What are the pr